the third derivative of -w**6/120 - 2*w**5/15 + w**4/3 - w**3/2 - w**2. What is the units digit of h(a)?
6
Suppose -3*o - 32 = -2*i, -i - 4*o = i - 18. What is the tens digit of 3 + -4 + i + -1?
1
What is the tens digit of (-1)/(-2 + (-460)/(-232))?
5
Let w(y) = -y**2 + 20*y - 41. What is the tens digit of w(15)?
3
What is the units digit of -1*4/(-3 + -1)?
1
Suppose -4*a - 10 = -2. What is the tens digit of a/(3/33*-2)?
1
Let t(f) = f + 14. What is the units digit of t(-2)?
2
Suppose 4*d + d = 20, -x = 2*d - 13. Suppose 0*r - v = -r + 45, -x*r + 2*v = -216. What is the units digit of r?
2
Let f = 204 + -120. What is the tens digit of f?
8
Suppose -4*w - 19 = 21. Let v = w - -18. Let c(h) = -h**2 + 10*h - 11. What is the units digit of c(v)?
5
Let a = -20 + 62. What is the tens digit of a?
4
Let p(s) = s + 3. Let t be p(0). Suppose -f = t*f - 136. What is the tens digit of f?
3
Suppose -4*k = -4, -6 = -2*p - 5*k + 13. What is the units digit of p?
7
Let d(y) = y**2 + 6*y + 8. Let k(j) = j**2 - 8*j + 9. Let a be k(7). Suppose -z = -a*z + t - 7, 4*z + t = -23. What is the units digit of d(z)?
8
Let j = 3 + -3. Let v = j - -3. What is the units digit of v + 3 + 0/(-3)?
6
Suppose 45*j = 42*j + 666. What is the hundreds digit of j?
2
Let j = 7 - 5. What is the units digit of j?
2
Let h = -5 - -8. Suppose -3*m + 18 = -2*c, 0 = 3*m - m + h*c - 25. Suppose -52 = -4*i - m. What is the tens digit of i?
1
What is the tens digit of (-12)/(-6) + 14/1?
1
Let h(o) = -19*o + 1. Let k be h(-1). Suppose 2*i = x + 5, -i + 4*x = k - 5. What is the units digit of i?
5
Let b(c) = -c**2 + 9*c - 1. Let f(y) = 2*y**2 - 19*y + 2. Let h(m) = -13*b(m) - 6*f(m). Let t be h(3). Let x = 0 + t. What is the units digit of x?
1
Let z(h) = -h**3 + 3*h + 3. Let k be z(-2). What is the tens digit of (-244)/(-10) + (-2)/k?
2
Let r = -44 - -78. What is the tens digit of r?
3
Let s(c) = c**2 + 10*c + 11. Let g be s(-8). Let d be 124/(-10) + (-6)/(-15). What is the units digit of d/g - 2/5?
2
Let u = 36 + -9. What is the tens digit of u?
2
Let x(g) = -172*g**3 + g. What is the units digit of x(-1)?
1
Let r(g) = -g**2 + 9*g + 17. What is the tens digit of r(6)?
3
Suppose -2*d - 6 = 0, -5*d - 36 = 4*z + 43. Let b = 8 + z. What is the units digit of 10/b*(-3 + -1)?
5
Let r be 6/((-5)/((-40)/(-12))). What is the tens digit of (-23)/2*r/2?
2
Suppose -4*l + 8 = 4*h, 6*l - 23 = 2*l + h. Suppose 12 = -l*q + 2*q. What is the units digit of (14/(-8))/(q/16)?
7
Suppose 223*o + 28 = 224*o. What is the units digit of o?
8
Let h(s) = s**2 + 4. Let l be h(5). Suppose 3*x = l - 2. What is the units digit of x?
9
What is the units digit of -1 + (2 - 1)*10?
9
Suppose 6*u = 4*u + 80. What is the tens digit of u?
4
What is the tens digit of (20/(-4) + 4)*-16?
1
Suppose 6 = 5*y + 1. Let l be y + (2 - 2) - 0. What is the units digit of (-2 - l)/((-1)/3)?
9
Suppose -f + 0*f - 1 = -4*x, 3*x - f = 2. Let k(v) = v + 1. Let r(w) = 3*w + 1. Let z(p) = 2*k(p) - 2*r(p). What is the units digit of z(x)?
4
Suppose 5*p - 288 - 47 = 0. What is the tens digit of p?
6
Let q = 9 + 63. Suppose b = 5*b - q. Suppose 5*i - b = -4*h, -2*i + 2 = h - 1. What is the units digit of h?
7
Let t(p) = p + 8. Let y(o) = o**2 - 10*o. Suppose 2*m + 3 = -3*z + 35, -5*z - m + 51 = 0. Let v be y(z). What is the units digit of t(v)?
8
Let t = 76 + -52. What is the tens digit of t?
2
Let d(x) = -x - 9. Let b be d(-6). What is the units digit of (-9)/b*(-24)/(-9)?
8
Let b be 0/(-2) + -29 + 2. Let g = b + 42. Suppose j = -2*j + g. What is the units digit of j?
5
Let z(d) be the second derivative of d**3/6 + 2*d**2 + d. Let v be z(-4). Suppose 2*o - 38 = -3*s, v*o + 56 = 4*o + s. What is the tens digit of o?
1
Suppose -c + 7*c = 618. What is the hundreds digit of c?
1
Let g be 4/(-16)*0 - -18. What is the tens digit of 4/g + 1115/45?
2
Let j = 118 - 75. What is the units digit of j?
3
Suppose -4*p - 13 = -5*v, -5*p - v - 2*v = -30. Suppose 4*d - 5*d = -p. What is the units digit of d?
3
What is the tens digit of 1038/5 - 2/(-5)?
0
Suppose 161*w = 156*w + 1380. What is the hundreds digit of w?
2
Suppose -4*d - 43 = 29. Let n = d - -26. Suppose 4 = 3*q - n. What is the units digit of q?
4
Let z(x) = -3*x**3 + 6*x**2 - 5*x - 3. Let j(k) be the second derivative of k**5/20 + k. Let f(m) = -2*j(m) - z(m). What is the units digit of f(5)?
3
Let b(d) = -d. Let s be b(0). Suppose -5*g = -5*w - 114 + 4, s = -g - 2*w + 34. What is the tens digit of g?
2
Let o(a) = -6*a + 1. Let q be o(2). Let k = 16 + q. What is the units digit of k?
5
Suppose -5*k + 37 = -l - 8, 5*l = 2*k - 41. What is the tens digit of ((-108)/16)/((-3)/k)?
1
Let s be (8/(-5))/(2/(-10)). Suppose 2*y - s = -0. What is the tens digit of 66/4*y/6?
1
Suppose 60 = -2*p + 5*p. Suppose -3*a + 95 = 4*n, -4*a + p = -0*a. What is the units digit of n?
0
Let h(g) = 5*g - 3*g**2 + 2 - 2*g - 3*g. Let q be h(3). Let s = -13 - q. What is the tens digit of s?
1
Let a = 12 + -2. Let k = 20 - a. What is the units digit of k?
0
Suppose -477 = -3*c - 3*i, i + i + 10 = 0. What is the units digit of c?
4
Suppose 84*p - 78*p = 1458. What is the hundreds digit of p?
2
Let l be (13 - 1)/(30/(-45)). Let w = l - -29. What is the tens digit of w?
1
Let r = 137 + -76. What is the tens digit of r?
6
Suppose 4*g = -4*p, -g + 24 = -5*p + 6. Suppose w - 4*w = s - 113, 0 = g*s - 6. What is the units digit of w?
7
Let q be (-6)/(-21) + 30/(-7). Let f be (-2 - -2) + 0 + q. Let i(n) = n**3 + 5*n**2 + 4*n + 4. What is the units digit of i(f)?
4
Let i(n) = n**2 - 3*n - 3. What is the tens digit of i(6)?
1
What is the units digit of (0 + 24)/(4 + -3)?
4
Let f(x) = 5*x + x + x**2 - 6 + 4 - 4. What is the units digit of f(-9)?
1
Let m(z) be the second derivative of -z**4/12 - z**3/2 + 3*z**2/2 - 3*z. What is the units digit of m(-3)?
3
Let d be 1 + -3 + 1 + 5. Suppose 77 - 9 = d*c. What is the tens digit of c?
1
What is the units digit of (3 - (-1 - -3) - -1) + 106?
8
Let l(z) = z**2 + z + 17. What is the units digit of l(-6)?
7
Let a be 3 - 1 - -1 - -1. Let v be (-38)/(-14) + a/14. Suppose 3*j - v*t - 48 = 0, -3*t = 2*j - 20 - 2. What is the tens digit of j?
1
Suppose -g + 0*s = -5*s - 286, 4*g = s + 1201. What is the units digit of g?
1
Let c = 957 - 560. What is the units digit of c?
7
Suppose -7*q = -3*q. Suppose 0*f = 3*f - 9. Suppose f*a - y + q = 13, 2*y + 8 = 0. What is the units digit of a?
3
Let k be (-2 - (0 + -3))*1. Let h be 38*1*(-1)/(-2). Suppose -4*w + k + h = 0. What is the units digit of w?
5
Let v(x) = -x - 2. Let k be v(-7). Suppose k = 5*a, -a + 14 = 2*z + 3. Suppose z*s + 12 = 7*s. What is the units digit of s?
6
Suppose 2*j + 5*u + 263 = 709, 5*j - 3*u = 1177. What is the hundreds digit of j?
2
Suppose 2*d = 3*d - 21. What is the units digit of d?
1
Let j = 20 + -9. What is the tens digit of j?
1
Suppose -2*y = -4*i - 170, -5*i - 372 = -5*y + 78. Let l = -42 + y. What is the tens digit of l?
5
Let n(i) = i**3 - 5*i**2 + 5*i + 4. What is the units digit of n(4)?
8
Let q be (0 - 1/2)*-8. Let g(o) = -7 + q - 2*o + 0*o. What is the units digit of g(-5)?
7
Let m = -75 - -111. What is the units digit of m?
6
Let i(t) = -2*t - 7. Let c be i(-5). Let v(y) = -y**3 + y**3 + 2*y - y**c - y**2 - 2 + 3. What is the units digit of v(-2)?
1
Let q = -5 + 10. Suppose -m = -3 + 8, c + m = -q. Let l(b) = -b + 1. What is the units digit of l(c)?
1
Let f(d) be the third derivative of -2*d**4/3 - 4*d**3/3 + d**2. Let j(u) = 5*u + 3. Let a(k) = -4*f(k) - 11*j(k). What is the units digit of a(2)?
7
Let k be -4*(-2 - 30/4). Suppose -3*b = 3*c - 51, 2*b = c - 4 + k. What is the tens digit of b?
1
Suppose r - 5*r = 16. Let j(o) = -o**3 - 2*o**2 - 5*o - 5. What is the tens digit of j(r)?
4
Suppose 3*p = 6*p, -5*r = 5*p - 55. Let x = 31 + r. What is the units digit of x?
2
Suppose 4*v - 5*v = -3*d + 7, 4*d - 11 = 3*v. What is the units digit of 2/(v + 3) + 4?
5
What is the tens digit of -4*(6 - 3)/12*-53?
5
What is the units digit of 12/1*7*(13 + -8)?
0
Suppose 6*p - 78 = 4*p. What is the tens digit of p?
3
Let y be -2 + (-3 - -4) - -3. What is the units digit of (-1 + 116/8)*y?
7
What is the units digit of 90/4 - (-1)/2?
3
What is the tens digit of (-3 - (-29 + -1)) + 1?
2
Let u(i) = i**2 + 3*i - 9. Let d be u(6). Suppose -2*